(x).
-3
Let y(k) be the first derivative of -k**4/12 + k**3/6 + 3*k**2/2 + 52*k + 3. Let n(s) be the first derivative of y(s). What is n(2)?
1
Let d(q) = 49*q. Let g = 6294 - 6292. Give d(g).
98
Let q(y) be the first derivative of -56 + 3*y**3 - y + 1/2*y**2. What is q(-1)?
7
Let c(j) = -9*j**3 + 18*j**2 - 13*j - 98. Let y(z) = -7*z**3 + 19*z**2 - 14*z - 97. Let h(k) = -3*c(k) + 4*y(k). Calculate h(21).
-10
Let w = -196 - -195. Let v be 2 - w - (0 + 0). Let y(h) = -h**3 + 4*h**2 - 2. Give y(v).
7
Let o(q) = q**2 + 10*q - 12. Let w(n) = 111*n - 34. Let l be w(2). Let d = l + -200. Determine o(d).
12
Let t(h) be the third derivative of h**6/120 + 3*h**5/10 - h**4/12 - 9*h**3/2 + 92*h**2. What is t(-18)?
9
Let t = 285 + -280. Suppose -4*b + 26 = -4*g + 2*g, t*b - 37 = -2*g. Let w(p) = p**3 - 8*p**2 + 3*p + 9. Give w(b).
-19
Let x be 152/57 + 4/3. Let t(z) = -2*z**3 + 6*z**2 - z - 5. Give t(x).
-41
Let x(t) = 264 + 184 + 48*t - 12. What is x(-9)?
4
Let s(a) = -8*a**3 + 6*a + 10*a**2 + 27*a**3 - 14*a**3 - 4*a**3 + 9 + 3*a. What is s(-8)?
65
Let o(a) be the second derivative of -4*a + 1/20*a**5 - 12 - 7/6*a**3 + 1/2*a**4 - 7/2*a**2. Let y be -4*((-6)/(-8) - -1). Give o(y).
-7
Let d be -31 + 9 - 252/(-28). Let s(j) = j**3 + 14*j**2 + 17*j + 15. Determine s(d).
-37
Let n(m) = -m**2 - 6*m + 1. Suppose 4*o + 45 - 89 = 0. Let f = o - 16. Calculate n(f).
6
Let u be (-10)/(-4)*(-8)/5 - 6. Let o be (4/u)/(4/(-160)). Suppose 0 = -5*h + h - o. Let i(f) = f. What is i(h)?
-4
Let x(y) be the first derivative of -7*y**2/2 - 9*y - 3062. Give x(-2).
5
Let j = 236 + -230. Let r(o) = -o**3 + 2*o**2 - o + 8. Let v(g) = -g**2 - 1. Let z(a) = j*v(a) + r(a). Calculate z(-4).
6
Let l(d) = -3*d**3 - 44*d**2 + 18*d + 37. Let i be l(-15). Let k(v) = 2*v**2 + 6*v - 17. Calculate k(i).
63
Let q(k) = -k - 25. Let c be 6/45 - (-8172)/(-540). What is q(c)?
-10
Let d(b) = b + 1. Let q be (-1782)/(-90) + (-6)/(-5). Suppose -2*l + x = q, 4*l - 9*l - 5*x - 15 = 0. What is d(l)?
-7
Let p(r) be the second derivative of 7*r**3 + 123*r**2 - 669*r - 1. Calculate p(-6).
-6
Suppose -2*d + 44 = -3*f, 16*f - 14*f = -4*d + 40. Let i(n) = -n**3 + 12*n**2 + 18*n - 10. Give i(d).
55
Let k(s) be the first derivative of s**3/3 - 15*s**2/2 + 38*s - 774. Give k(11).
-6
Let w(a) be the first derivative of 4*a + 5/2*a**2 - 182. What is w(-2)?
-6
Let y = -188 - -188. Let u(a) = 2 - 3 + y*a - 11*a + 7*a + 5*a. Determine u(10).
9
Let d = 33 - 14. Let n = 21 - d. Let b(l) = l**2 + 9*l**2 - 3*l - 2 - 4*l - 9*l**n. Calculate b(5).
-12
Let h(u) be the first derivative of -14*u + 3*u**2 + 2 - 1/20*u**5 - 1/2*u**3 - 1/2*u**4. Let j(l) be the first derivative of h(l). Calculate j(-5).
-4
Let v(z) be the second derivative of z**4/12 - 5*z**3/6 + z**2 - z. Suppose -60*h - 4 = -64*h, -4*j + 5*h - 21 = 0. Give v(j).
38
Let w(c) be the second derivative of c**3/6 + 2*c**2 - c. Let t(d) = 62 - 50 + 34*d - 17*d - 14*d. Let j(m) = -3*t(m) + 8*w(m). Determine j(-8).
4
Let u(k) = k**3 - k + 2. Suppose -61 = -3*d - 2*b + 378, -4*b = -3*d + 445. Let g = 147 - d. Calculate u(g).
2
Let m be (-2 + 4)*9*6/36. Let c(b) = -19*b**m + 1480*b**2 - 1482*b**2 - 4 - b + 4. Calculate c(-1).
18
Let l(v) = -7*v + 1. Let m(i) = -2 - 6*i - 20*i + 40*i. Suppose 0 = n - 0 + 6. Let k(y) = n*m(y) - 13*l(y). What is k(1)?
6
Let y(a) be the third derivative of 1/120*a**6 + 3/20*a**5 + 0*a + 5/3*a**3 - 25*a**2 + 5/12*a**4 + 1. What is y(-8)?
-6
Let x(y) = -11*y - 15*y - 18*y - 63 - 3*y + 53*y. What is x(11)?
3
Let x(c) = -110*c + 1211. Let h be x(11). Let f(v) be the third derivative of v**4/12 - 7*v**2. Determine f(h).
2
Suppose s - 10 = -4*x, 4*x + 2*s + 6 = 9*x. Let d(m) = 8 + 4*m - 2 - 7. Give d(x).
7
Let q(j) = j**3 - 23*j**2 + 24*j + 80. Let z(h) = 5*h**3 - 94*h**2 + 96*h + 318. Let a(o) = -9*q(o) + 2*z(o). Determine a(-20).
-4
Let j(b) = -2*b - 8. Suppose -10*f - 2 = 47*f + 283. Determine j(f).
2
Let k(x) be the first derivative of 200*x + 2*x**2 - 199*x - 18 - 12 - 8. What is k(0)?
1
Let t(n) = n + 22. Let v(c) = -c - 11. Let d(y) = -3*t(y) - 5*v(y). Let b be (-4)/(-10)*(-3510)/(-156). Determine d(b).
7
Suppose d + d + 16 = 0. Let w(v) = -29*v + 408. Let j be w(14). Let u(g) = 4 + 26*g**2 - 6*g + 23*g**j + 1 + 25*g**2 - 75*g**2. What is u(d)?
-11
Let i(k) = -k**2 - 5*k + 3. Let a(n) = n**2 + 66*n - 436. Let w be a(6). What is i(w)?
7
Let z(u) = 0 - 17 - 3*u - 4. Let s be -14 - 20/(-1 + -3). Give z(s).
6
Suppose 29*y - 12 = 23*y. Let p(n) = 6*n**2 + 59*n**3 - 3*n**y - 5 - 4*n**2 - 60*n**3. Give p(0).
-5
Let l(f) = 3*f + 1. Suppose 0*y = 5*c + y - 7, 2*c + y = 1. Let v be (-437)/15 + c/15. Let s = v - -32. Give l(s).
10
Let t(g) be the third derivative of g**5/60 - g**4/2 + 13*g**3/6 + 406*g**2. Let f(o) = 12*o**3 - 4*o**2 + 6*o - 3. Let v be f(1). What is t(v)?
2
Let r(q) = -q**3 + 7*q**2 + 2*q - 2. Suppose 0 = -2*a - 2*s + 10, 7*s + 29 = 3*a + 3*s. What is r(a)?
12
Suppose -3*m = -s - 8*m + 28, 0 = -5*s - m + 20. Let v(r) = -8 - r**s + 22*r**2 - 32*r**2 + 5 + 0*r**3. What is v(-10)?
-3
Let u(t) = -2*t**2 - 2*t - 3. Let v be ((-8)/(-20))/((-2)/50). Let y = 54 - v. Let q be (y/112)/(2/(-7)). Calculate u(q).
-7
Suppose -510 = k - 16*k. Let z(n) = 0*n - 23 - 2*n + 64 - k. Give z(4).
-1
Let r(h) = -7*h**3 + 72*h**2 - 169*h - 38. Let o(p) = 11*p**3 - 107*p**2 + 255*p + 56. Let w(s) = 5*o(s) + 8*r(s). Give w(39).
15
Suppose 0 = -d + 2*d - 5*t + 7, 0 = 3*t - 12. Suppose -2*p - 87 = -91. Let g(z) = 4*z + d - 16 - p*z. Determine g(-3).
-9
Let s(f) be the third derivative of -f**4/24 + 35*f**3/6 + f**2 - 1526*f. Give s(-5).
40
Let y = 11 - 6. Let m(b) = -3*b**2 - 5*b + 165. Let h(s) = -2*s**2 - 4*s + 115. Let g(a) = -13*h(a) + 9*m(a). Give g(y).
0
Let w(f) = 4*f + f**3 - 3*f**2 - 8*f - 7*f - 3. Let r(h) = -2*h**3 + 6*h**2 + 21*h + 5. Let j(u) = 6*r(u) + 11*w(u). Suppose 0 = 8*x + x - 27. Give j(x).
12
Suppose -112*l + 80 = -116*l + f, 0 = -l - 5*f - 41. Let d(u) = u**3 + 21*u**2 + 2*u - 14. What is d(l)?
-56
Let b(j) be the first derivative of -j**4/2 + j**3/3 - 3*j**2/2 - 3*j + 36332. Let k = 3 + -5. What is b(k)?
23
Let v(d) = d**3 - 7*d**2 + 5*d + 6. Let p be (51/(-34))/((-3)/452). Let y = p - 221. What is v(y)?
-19
Let y(m) = -2*m - 169. Let u(q) = 6*q + 468. Let w(v) = 2*u(v) + 5*y(v). Determine w(-39).
13
Let m be (7 - 37) + (-2 - 0). Let b = -30 - m. Let n(v) = b*v + 6*v - v + 4 - 8*v. Determine n(4).
0
Let l(z) be the second derivative of z**4/12 + 10*z**3/3 + 13*z**2/2 - 92*z. Determine l(-19).
-6
Let m(t) = -t**3 - 6*t**2 - 5*t + 3. Let n be m(-5). Suppose 0 = -15*i + 5*i + 80. Let u(a) = a - 3*a**2 + i*a**3 - 2*a**3 - 4 - 4*a**3 - a**3. Give u(n).
-1
Let p = -75 - -81. Suppose -2*q = -16 + p. Let f be q/(-20) + (-1)/(-4). Let z(l) = -l**3 + l**2 - 23. Determine z(f).
-23
Let s(h) = -2*h**3 + 520529*h + 6 - 1041058*h + 520530*h. Give s(0).
6
Let f be ((-6)/(-7))/(748/(-77) - -10). Let p(q) = 4 + 51*q**3 - 99*q**3 - 2*q + 49*q**f - 5*q. Calculate p(3).
10
Let o(t) = t**2 - t - 23. Let u(s) = 4*s**3 + 353*s**2 + 91*s + 264. Let b be u(-88). Give o(b).
-23
Let s(f) = -26*f + 21*f - 2 + 7*f + 9. What is s(8)?
23
Let t(m) = 8*m + 7 - 3*m - 2. Let y(w) = w**3 - 5*w**2 + 31*w - 159. Let c be y(5). Determine t(c).
-15
Suppose -4*a = 5*q + 199, -15*q - 121 = -12*q + 2*a. Let x = -54 - q. Let c(g) = -g**2 - 10*g + 4. Calculate c(x).
-7
Let a(x) = -x**2 + 39. Let l = -22320 + 22329. Determine a(l).
-42
Let s(p) = 2*p. Let n(o) = -o**3 + 8*o**2 - 7*o + 3. Let x be n(7). Suppose -x*l - 6*l = -81. Let j(i) = 2*i - 22. Let q be j(l). What is s(q)?
-8
Let h(o) = 11*o + 147. Let f = 1344 + -1358. Determine h(f).
-7
Let r(a) = a**3 - 6*a**2 + 4*a + 7. Let c be r(6). Suppose -l - 43 = 3*l - 3*b, -2*b = -3*l - c. Let s(n) = 4*n - 2*n - 68 - 74 + 147 + 0*n. What is s(l)?
-9
Let l(z) = -201*z**2 - 6*z + 136. Let b(v) = 100*v**2 + 3*v - 78. Let y(j) = -7*b(j) - 4*l(j). Determine y(-1).
103
Let i(y) = -3 - 15 - 5*y + 66 - y**3 - 15 - 15*y**2 - 6*y. Determine i(-14).
-9
Let b = 14326 - 14324. Let j(h) = h**3 + 7*h**2 + 7*h + 1. Let g be 2*3*1/2. Let u(x) = -x**3 - 8*x**2 - 8*x. Let f(y) = b*u(y) + g*j(y). Calculate f(-3).
6
Let s = 23100 - 23105. Let q(w) = 6*w + 24. Give q(s).
-6
Let s be 135/33 + 2390/2629. Let u(n) = -6*n**2 + 28*n + 2. Give u(s).
-8
Suppo